List the prime factors of 351.
3, 13
What are the prime factors of 4633?
41, 113
List the prime factors of 27172.
2, 6793
What are the prime factors of 17226?
2, 3, 11, 29
What are the prime factors of 6741?
3, 7, 107
List the prime factors of 64660.
2, 5, 53, 61
What are the prime factors of 660?
2, 3, 5, 11
What are the prime factors of 20452?
2, 5113
List the prime factors of 3111.
3, 17, 61
List the prime factors of 1151.
1151
List the prime factors of 664.
2, 83
What are the prime factors of 17383?
17383
What are the prime factors of 2325?
3, 5, 31
List the prime factors of 23384.
2, 37, 79
What are the prime factors of 2309?
2309
List the prime factors of 19093.
61, 313
What are the prime factors of 22015?
5, 7, 17, 37
List the prime factors of 44106.
2, 3, 7351
List the prime factors of 1367.
1367
What are the prime factors of 67804?
2, 11, 23, 67
List the prime factors of 35484.
2, 3, 2957
What are the prime factors of 827?
827
What are the prime factors of 233?
233
What are the prime factors of 1088?
2, 17
What are the prime factors of 4479?
3, 1493
List the prime factors of 59029.
59029
List the prime factors of 334.
2, 167
What are the prime factors of 1818?
2, 3, 101
List the prime factors of 2736.
2, 3, 19
What are the prime factors of 83359?
31, 2689
List the prime factors of 53906.
2, 26953
What are the prime factors of 72?
2, 3
What are the prime factors of 1203?
3, 401
List the prime factors of 118649.
59, 2011
What are the prime factors of 68767?
68767
List the prime factors of 778.
2, 389
List the prime factors of 32222.
2, 16111
List the prime factors of 1513.
17, 89
What are the prime factors of 62893?
109, 577
What are the prime factors of 20907?
3, 23, 101
List the prime factors of 1114.
2, 557
What are the prime factors of 67?
67
List the prime factors of 14936.
2, 1867
What are the prime factors of 22965?
3, 5, 1531
What are the prime factors of 578?
2, 17
List the prime factors of 8139.
3, 2713
What are the prime factors of 3217?
3217
What are the prime factors of 1152?
2, 3
What are the prime factors of 8778?
2, 3, 7, 11, 19
List the prime factors of 94798.
2, 11, 31, 139
List the prime factors of 11194.
2, 29, 193
List the prime factors of 3307.
3307
List the prime factors of 21957.
3, 13, 563
List the prime factors of 4207.
7, 601
What are the prime factors of 109180?
2, 5, 53, 103
List the prime factors of 856.
2, 107
What are the prime factors of 61380?
2, 3, 5, 11, 31
List the prime factors of 9758.
2, 7, 17, 41
List the prime factors of 2900.
2, 5, 29
List the prime factors of 122835.
3, 5, 19, 431
What are the prime factors of 1306?
2, 653
List the prime factors of 6586.
2, 37, 89
What are the prime factors of 8669?
8669
What are the prime factors of 2053?
2053
What are the prime factors of 1422?
2, 3, 79
List the prime factors of 25660.
2, 5, 1283
List the prime factors of 20315.
5, 17, 239
What are the prime factors of 3870?
2, 3, 5, 43
What are the prime factors of 89399?
89399
What are the prime factors of 16519?
16519
What are the prime factors of 2645?
5, 23
What are the prime factors of 7225?
5, 17
What are the prime factors of 1992?
2, 3, 83
What are the prime factors of 8317?
8317
List the prime factors of 362.
2, 181
What are the prime factors of 13636?
2, 7, 487
List the prime factors of 444.
2, 3, 37
What are the prime factors of 34831?
61, 571
What are the prime factors of 415?
5, 83
What are the prime factors of 1233?
3, 137
What are the prime factors of 293?
293
What are the prime factors of 11754?
2, 3, 653
List the prime factors of 19646.
2, 11, 19, 47
List the prime factors of 7379.
47, 157
List the prime factors of 1026.
2, 3, 19
What are the prime factors of 47142?
2, 3, 97
List the prime factors of 9874.
2, 4937
What are the prime factors of 38372?
2, 53, 181
What are the prime factors of 4208?
2, 263
List the prime factors of 1566.
2, 3, 29
List the prime factors of 423.
3, 47
What are the prime factors of 40551?
3, 7, 1931
List the prime factors of 20826.
2, 3, 13, 89
What are the prime factors of 9846?
2, 3, 547
What are the prime factors of 16580?
2, 5, 829
What are the prime factors of 17914?
2, 13, 53
What are the prime factors of 84183?
3, 11, 2551
What are the prime factors of 19316?
2, 11, 439
List the prime factors of 1763.
41, 43
List the prime factors of 1357.
23, 59
List the prime factors of 11166.
2, 3, 1861
List the prime factors of 684.
2, 3, 19
List the prime factors of 23576.
2, 7, 421
List the prime factors of 3234.
2, 3, 7, 11
What are the prime factors of 11785?
5, 2357
List the prime factors of 42656.
2, 31, 43
List the prime factors of 26717.
26717
What are the prime factors of 1194?
2, 3, 199
List the prime factors of 1252.
2, 313
List the prime factors of 1114.
2, 557
What are the prime factors of 51751?
7, 7393
List the prime factors of 6484.
2, 1621
What are the prime factors of 38777?
17, 2281
What are the prime factors of 66852?
2, 3, 619
List the prime factors of 6774.
2, 3, 1129
List the prime factors of 2240.
2, 5, 7
What are the prime factors of 108246?
2, 3, 18041
List the prime factors of 1757.
7, 251
List the prime factors of 2017.
2017
What are the prime factors of 156?
2, 3, 13
List the prime factors of 2148.
2, 3, 179
What are the prime factors of 31128?
2, 3, 1297
List the prime factors of 1201.
1201
List the prime factors of 125003.
125003
List the prime factors of 5239.
13, 31
List the prime factors of 83201.
19, 29, 151
List the prime factors of 14235.
3, 5, 13, 73
What are the prime factors of 64796?
2, 97, 167
List the prime factors of 2004.
2, 3, 167
What are the prime factors of 19755?
3, 5, 439
List the prime factors of 722.
2, 19
What are the prime factors of 135159?
3, 45053
List the prime factors of 557.
557
List the prime factors of 8120.
2, 5, 7, 29
List the prime factors of 32043.
3, 11, 971
What are the prime factors of 1350?
2, 3, 5
What are the prime factors of 7549?
7549
What are the prime factors of 2795?
5, 13, 43
List the prime factors of 1588.
2, 397
List the prime factors of 2442.
2, 3, 11, 37
List the prime factors of 759.
3, 11, 23
List the prime factors of 64312.
2, 8039
What are the prime factors of 111?
3, 37
List the prime factors of 5000.
2, 5
List the prime factors of 23777.
13, 31, 59
What are the prime factors of 1438?
2, 719
List the prime factors of 7774.
2, 13, 23
What are the prime factors of 8079?
3, 2693
What are the prime factors of 13175?
5, 17, 31
What are the prime factors of 2701?
37, 73
List the prime factors of 727.
727
What are the prime factors of 849?
3, 283
What are the prime factors of 80674?
2, 11, 19, 193
List the prime factors of 32681.
11, 2971
List the prime factors of 22282.
2, 13, 857
What are the prime factors of 1566?
2, 3, 29
What are the prime factors of 151513?
103, 1471
List the prime factors of 1715.
5, 7
What are the prime factors of 168935?
5, 13, 23, 113
What are the prime factors of 27298?
2, 13649
What are the prime factors of 442?
2, 13, 17
List the prime factors of 2094.
2, 3, 349
List the prime factors of 14329.
7, 23, 89
What are the prime factors of 170?
2, 5, 17
List the prime factors of 2200.
2, 5, 11
What are the prime factors of 2534?
2, 7, 181
List the prime factors of 1490.
2, 5, 149
What are the prime factors of 20678?
2, 7, 211
List the prime factors of 3910.
2, 5, 17, 23
List the prime factors of 65564.
2, 37, 443
List the prime factors of 8181.
3, 101
List the prime factors of 2495.
5, 499
What are the prime factors of 25316?
2, 6329
What are the prime factors of 15978?
2, 3, 2663
What are the prime factors of 24466?
2, 13, 941
What are the prime factors of 42997?
19, 31, 73
What are the prime factors of 52746?
2, 3, 59, 149
List the prime factors of 1048.
2, 131
What are the prime factors of 3240?
2, 3, 5
What are the prime factors of 5604?
2, 3, 467
What are the prime factors of 19059?
3, 6353
What are the prime factors of 2844?
2, 3, 79
What are the prime factors of 2265?
3, 5, 151
What are the prime factors of 26697?
3, 11, 809
What are the prime factors of 141069?
3, 59, 797
List the prime factors of 1080.
2, 3, 5
List the prime factors of 11618.
2, 37, 157
What are the prime factors of 4701?
3, 1567
What are the prime factors of 30806?
2, 73, 211
List the 